-1)?
1
Let h(o) = 22*o**2 + 3*o + 2. What is the tens digit of h(-1)?
2
Let c(w) = 11*w**2 - 6*w - 13. Let r(i) = 16*i**2 - 9*i - 19. Let n(o) = -7*c(o) + 5*r(o). What is the units digit of n(3)?
4
Let t(l) = l**3 + 6*l**2 - 3*l - 5. Let y = -3 - 3. What is the tens digit of t(y)?
1
Suppose 70 - 225 = -5*g. What is the units digit of g?
1
Suppose 2*s - 25 = 5*s + 4*r, -4*s + 2*r - 48 = 0. Let o = 18 + s. What is the units digit of o?
7
Let d = 5 + 0. Suppose -z + 6 - 1 = -4*b, 4*b = d*z - 73. What is the tens digit of z?
1
Suppose 5 = 3*k + 20. Let m = 13 - k. What is the units digit of m?
8
Suppose -4*p + 5*j = -56, j = -2*p - p + 61. Suppose 14 = 3*y - p. Let t = 24 - y. What is the units digit of t?
3
Let a(m) = m**3 - 5*m**2 - 6*m + 10. Let j be a(7). Let u = j + -27. What is the units digit of (12/9 - 1)*u?
3
Let f(n) = 7 - 4 + 8 - n + 5. What is the units digit of f(7)?
9
Let p = -5 - -9. Suppose -2*s - p*j + 30 = 0, -3*s + 36 = -j + 4*j. What is the units digit of s?
9
Let v = -14 - -23. Let k = -1 - 1. What is the units digit of (-3 - v/3)*k?
2
Let j = -8 + 11. What is the units digit of j/(-2)*(-52)/6?
3
Let m be 2 + 1/(1 - 0). Suppose -8*t + m*t + 35 = 0. What is the units digit of t?
7
Let l(t) = -t**3 + 6*t**2 - 4*t + 9. Suppose q + 0*q - 22 = -4*s, 0 = 4*s - 4*q - 32. Let a be l(s). Let n = -7 - a. What is the units digit of n?
8
Suppose -o = -y - 168, 4*o + y = -2*y + 644. What is the units digit of o?
4
Let a be (-2)/4*16/(-2). Let c be (-10)/a*(1 - 3). Suppose -c*k - 4*v = 6, -2*k - 3*k = -2*v - 18. What is the units digit of k?
2
Let n(g) = -24*g - 5. Let u be n(-2). Let r = u - 19. What is the tens digit of r?
2
Let u be -1 - -2 - (-2 + 19). What is the units digit of (-488)/u - (-1)/(-2)?
0
Let r(a) = -a - 3. Let n be r(-3). Suppose n = 2*o + 2*p - 12, o = -0*o - 5*p + 10. What is the units digit of o?
5
Let j be -2 + 0 + (-12)/(-3). Suppose 3*z - j = 4. What is the units digit of z?
2
Let j(p) = -3*p**3 - p**2 - p. Let g be j(-1). Suppose 0 = -3*s - g. What is the units digit of (-4)/((-4)/(-5))*s?
5
Let o be 2/((0 - 2)*1). Let x be (6/(-9))/(o/6). Suppose l - 30 = -x*l. What is the units digit of l?
6
Suppose -4*p + f - 1 + 11 = 0, -p - 3*f + 9 = 0. Suppose -p*o + o = -36. What is the tens digit of o?
1
Let q be 4/8 + 121/(-2). Let y be 6/(-10)*q/4. Let a = y + -3. What is the units digit of a?
6
Suppose 6 = -3*g + 21. Let d be -2 - -2*5/2. Suppose 3*f = -f + g*a + 36, 18 = 2*f + d*a. What is the units digit of f?
9
Suppose -3*i = 5 - 2. What is the units digit of 2 + (2 - 10/i)?
4
Suppose t + 13 = -4*r, -t - 3*t - 13 = 3*r. Let d be 12/t + 3 + -1. What is the units digit of 2/(-10) - 92/d?
9
Suppose 9*p + p = 810. What is the units digit of p?
1
Suppose 25*m = 11*m + 1778. What is the hundreds digit of m?
1
What is the units digit of ((-102)/15)/((-2)/10)?
4
Let x = 66 - 106. Let y = x - -71. What is the units digit of y?
1
Let n(q) = 9*q**2 - q. Suppose 0*p + 4 = p. Suppose -p*y = -0*y - 4. What is the units digit of n(y)?
8
Let d(q) = -q + 11. Let b be d(9). Suppose -b = o - 3*o. What is the units digit of o?
1
Suppose 3 = -3*r - 0*r. Let u = -2 - -4. Let b = u - r. What is the units digit of b?
3
Suppose -8 + 30 = 4*k - 3*y, -4*k = 3*y - 10. Suppose 4*u = k + 12. What is the units digit of u?
4
Suppose 4*q = -0*q + 12. Suppose 0*i - 3*i + 4*h + 9 = 0, 12 = 3*i - q*h. What is the units digit of i?
7
Let m be -2 - (2*6)/(-3). Let g = 0 + m. What is the units digit of g?
2
Let s(a) = -a**3 + 5*a**2 + 6*a + 7. Let y be s(6). Suppose 0 = -g - w + 1 + y, g = -5*w + 24. Suppose 3 = g*p - 29. What is the units digit of p?
8
What is the hundreds digit of (-1916)/(-7) + (-4)/(-14)?
2
Let a be (6/(-7))/((-18)/84). Let c = 23 - a. What is the tens digit of c?
1
Let r(f) = f**2 + 12*f + 13. Let o be r(-9). Let y = o - -26. What is the tens digit of y?
1
What is the units digit of (1/3)/((-5)/(-285))?
9
Let y be 1/(2*3/102). Suppose 7*h - 2*h = 130. Let b = h - y. What is the units digit of b?
9
Suppose 3*k - 8*k = 200. Let b = -28 - k. What is the units digit of b?
2
Suppose 5*f + 105 = -3*x + 7*x, 5*f - 2*x = -115. Let j = 4 + f. What is the units digit of (-6)/j + 61/7?
9
What is the units digit of (-4)/(-1*16)*116?
9
Suppose 3*n = 3*y + 36, 19 = 3*n + 2*y - 7. Let o = 3 + n. Let b = o - 5. What is the units digit of b?
8
Let o = 125 + -101. What is the units digit of o?
4
Let l = -164 + 277. What is the units digit of l?
3
Let x(n) = n**3 + 14*n**2 + 17*n + 10. What is the tens digit of x(-6)?
9
What is the units digit of ((-4)/(-22) - 78/66)*-61?
1
Suppose -4*l + 0*y + 6 = -2*y, -2*l + 3*y + 1 = 0. Suppose d = -l*x + 16, -7*x = -2*d - 2*x + 68. What is the tens digit of d?
2
Let q = 7 + -4. Suppose q*f + 5*y + 8 = 0, -f + 3*y = -2*f - 4. What is the units digit of -2*2*(f - 0)?
4
Suppose 57 = -4*p + p. Let z = p + 45. What is the tens digit of z?
2
Let h(q) = q**3 + 5*q**2 + q - 3. Let u be h(4). Suppose -u = -5*g - 0*g. What is the units digit of g?
9
Suppose v + 4*n + 2 = 3*v, 2*v - 2*n - 8 = 0. Suppose 0 = 2*l - v*l + 160. Let i = -18 + l. What is the tens digit of i?
1
Let u(m) = 4 + m - 4. Suppose -32 + 12 = -5*v. What is the units digit of u(v)?
4
Let a = -16 + 10. What is the units digit of 48/9 - (-2)/a?
5
What is the units digit of (9/(18/4))/((-3)/(-6))?
4
Suppose 0 = 4*f - f + 15. Let l be (-1 - -1)*f/10. Suppose l*s - 5*s + w = -37, 4*s + 5*w = 47. What is the units digit of s?
8
Suppose -1807 = o - 14*o. What is the units digit of o?
9
Suppose 2*c = -c + 891. Suppose 4*m + c = m. What is the units digit of (-4)/(-10) + m/(-15)?
7
Let o(f) = 5*f**2. Let h be o(1). Let i(a) = a**3 - 4*a**2 - 5*a + 4. What is the units digit of i(h)?
4
Suppose -f = -3, 6*z - z - 21 = -2*f. Suppose -z*q - q + 36 = 0. Let x = q + -3. What is the units digit of x?
6
Let j(z) be the first derivative of -3*z**2/2 - 8*z + 2. Let i be (-88)/14 + 2/7. What is the units digit of j(i)?
0
Let k be -1 - -2 - (1 - -1). Let p = k - -3. Suppose -3*z - 2*a = -22, a + p = 2*z - 1. What is the units digit of z?
4
Let j be -6 - ((-2)/(-2) + -2). Let t(o) = -o**3 - 4*o**2 + 5*o + 4. What is the units digit of t(j)?
4
Let f(h) = 8*h**2 - 1. Let r = -4 + 8. Suppose -p - 2 = 5*j, r*p + 11 = -5*j + 6*p. What is the units digit of f(j)?
7
Suppose -3*u + 5*k - 2 = 12, k + 2 = 3*u. Suppose y = u*z + 50, -3*y = -2*z - 31 - 23. Let t = 38 + z. What is the tens digit of t?
1
Let a(d) = -4*d - 6. Let o be a(-8). Suppose -3*k - o = -n - n, 0 = 5*n - 3*k - 83. What is the tens digit of n?
1
Suppose 3*u - 4*u + 3 = 0. What is the units digit of u?
3
Suppose -6 = -2*j - 5*o, 2*j = -2*o - 2 + 14. What is the units digit of j?
8
Let c = -13 - -13. Let o(w) = -w - 4. Let y be o(-6). Suppose c*n = y*n - 6. What is the units digit of n?
3
Let t be (1 - (1 + -2)) + -8. Let b(f) = f + 12. What is the units digit of b(t)?
6
Let w(l) = -l - 1. Let h be w(0). What is the units digit of 161/21 + h/(-3)?
8
Let w be 4/(-10) - (-3)/(-5). Let c = 1 - w. What is the tens digit of 1/((-2)/c)*-10?
1
Suppose -39 = 2*y - 3*y + 4*k, 290 = 5*y - k. What is the units digit of y?
9
Suppose 3 = -t + 2*k, 0 = 4*t + k - 2*k + 12. Let q be 14*t*(-2)/6. Suppose q = x + 1. What is the tens digit of x?
1
Let g = -142 - -314. What is the units digit of g?
2
Let o be (-25)/(-7) - 15/(-35). Suppose o*m + 8 = 4*r, -4*r - m + 16 = -3*m. What is the units digit of r?
6
Let a(l) = l**3 + 9*l**2 + 3*l - 4. What is the tens digit of a(-8)?
3
Let n be (-198)/10 - 2/10. Let w = n - -28. What is the units digit of w?
8
Let r(q) be the second derivative of -4*q**3/3 + 7*q**2/2 + 4*q. What is the units digit of r(-4)?
9
Suppose -6*l = -2*l - 192. What is the tens digit of l?
4
Let m(t) = -t**2 - 4*t + 3. Let x(v) = -v + 1. Let y(h) = -m(h) + 4*x(h). What is the units digit of y(2)?
5
Suppose 3*z = 5*z - 6. Suppose 0 = -3*a + 12, 0 = 4*b - 2*a - z + 7. Suppose -i + 0 = -b. What is the units digit of i?
1
Let v = 24 + -12. Suppose -3*d - 5*h + 115 = v, 5*d - 2*h - 213 = 0. What is the tens digit of d?
4
Let b be ((-1)/(-2))/((-1)/62). Let z = -19 - b. What is the units digit of z?
2
Suppose r = 4*p + 6 - 2, -2 = 4*r + 2*p. Suppose b + 4 = -3*j + 4*j, j + 4*b - 4 = r. What is the units digit of j?
4
Suppose 4*h